t the prime factors of y.
2, 5, 23
Let i(d) = d**2 - d + 18. Let z be 4/14 - (-12)/(-42). List the prime factors of i(z).
2, 3
Let v(n) = n**2 - 11*n - 6. Let h(s) = -2*s**2 + 22*s + 12. Let w(q) = 3*h(q) + 5*v(q). List the prime factors of w(11).
2, 3
Let c be (2 + -3)/(1/(-2)). Let s = c - -1. Let a = -1 + s. List the prime factors of a.
2
Let c(o) = -o**3 + 6*o**2 - 7*o + 12. Let j be c(5). Suppose m - 21 + 1 = 0. Suppose -m = -j*z - 2*z. What are the prime factors of z?
5
Suppose -4*o = 5*r + o - 135, 5*r + 4*o = 131. What are the prime factors of -3 + r/(-1)*-1?
2, 5
Let v = -5 - -5. Suppose 3*l + 4*i + 2 = v, -7 = l + 4*i - 1. What are the prime factors of l?
2
Let w = 1016 + -686. What are the prime factors of w?
2, 3, 5, 11
Let b = -1 + 7. Let q(w) = w**2 - 3*w - 7. What are the prime factors of q(b)?
11
Suppose 5*b = -2*m + 1977, -b + 385 = 5*m - 2*m. List the prime factors of b.
397
Let c(o) = 48*o**2 + o. Let s be c(-1). Suppose 0 = -2*b + s + 25. List the prime factors of b.
2, 3
Suppose -5*x = 2*l + 221, -5*x = -l - l - 251. Let v = l + 169. List the prime factors of v.
3, 17
Let p = 2 - 0. Suppose -5*s + 6 = -p*s. Suppose s*f - 26 + 4 = 0. List the prime factors of f.
11
Suppose -217 - 427 = -4*t. List the prime factors of t.
7, 23
Suppose -g = -4*g - 12. What are the prime factors of 0 - (-8)/g - -27?
5
Suppose -2*k + 100 = -90. What are the prime factors of k?
5, 19
List the prime factors of 60*((-4)/(-6))/(5/9).
2, 3
Let r(u) = -u**2 + 7*u + 8. Let m be r(5). List the prime factors of m/(-3)*32/(-12).
2
Suppose -4*y - b = -0*y + 22, y - b = -8. What are the prime factors of y*((-22)/6 + 1)?
2
Let b(q) = 3*q**2 + 4*q**2 + 3 + 4*q - 3*q**2 - 2*q**2. What are the prime factors of b(-2)?
3
Let i(b) be the first derivative of 3*b**2/2 + 3. List the prime factors of i(1).
3
What are the prime factors of 1*-43*2/(-2)?
43
Let j = -6 + 11. Suppose -2*p + j = -9. Suppose -z + 2 + p = 0. List the prime factors of z.
3
Let c = -3 + 1. Suppose 0 = -s - 0*s + 13. What are the prime factors of s/c*-2 + 0?
13
Suppose 0 = -2*g - 0 + 4. Suppose 3 = -v + g. Let b = v - -3. What are the prime factors of b?
2
Let v(k) = 43*k + 215. Let g(j) = -1. Let n(i) = 215*g(i) + v(i). What are the prime factors of n(1)?
43
What are the prime factors of 5*(-10)/(-25) - -40?
2, 3, 7
List the prime factors of 125/(-25)*118/(-2).
5, 59
Suppose 0 = -3*r - 0*r + 2*c - 2, 0 = -r + 3*c + 4. List the prime factors of r/6 - 104/(-6).
17
Suppose 15*g = 16*g - 228. What are the prime factors of g?
2, 3, 19
Let w = -4 + -6. List the prime factors of 4/w + 235/25.
3
Suppose 0*j - j + 8 = 0. Let b(o) be the first derivative of -o**3/3 + 9*o**2/2 - 2*o + 2. What are the prime factors of b(j)?
2, 3
Let n = -6 + 11. Let c(g) = 13 - g**2 + n*g - 18 + 6*g. List the prime factors of c(10).
5
Let i be 1/3 + 2660/12. Suppose -4*u = -i + 38. Suppose -4*c - q + 14 = -3*c, -u = -5*c + q. What are the prime factors of c?
2, 5
Let v(u) = -4*u + 1. Let s be (-2)/(-3) + 14/6. Let z be v(s). Let t = -4 - z. List the prime factors of t.
7
Let s(y) be the third derivative of 2*y**2 + 0*y - 1/2*y**3 + 0 + 5/24*y**4. List the prime factors of s(3).
2, 3
Suppose 60 = -4*b + 5*b. List the prime factors of b.
2, 3, 5
Let y = 4 - 0. Let o be (-94)/(-12) - (-1)/6. Suppose 0*a = -y*a + o. What are the prime factors of a?
2
What are the prime factors of (-4)/1 + 144/3?
2, 11
Let b(w) = 5*w**2 - 11*w - 19. What are the prime factors of b(-5)?
7, 23
Let j(g) = -g**3 + 35*g**2 - 35*g + 70. What are the prime factors of j(34)?
2, 3
Let j be (-4)/(-3)*(-3 + -3). Let r(a) = -2*a - 1. What are the prime factors of r(j)?
3, 5
Suppose -5 = 2*u - 23. Let x = u - 6. List the prime factors of x.
3
Let g(m) = 8*m - 3. Let t be ((-8)/12)/((-2)/6). Let i be g(t). Let r = i + -2. What are the prime factors of r?
11
Let t be (2 - -4)/((-3)/(-4)). Let c = 26 - t. List the prime factors of (c/(-2))/(2/(-2)).
3
What are the prime factors of (4 + 34)*(-1)/(-2)?
19
Suppose 12 = -2*p + 32. What are the prime factors of p?
2, 5
Let p be ((-15)/(-6))/(2/4). Suppose 0 = 4*j + p*x - 55, -2*j + 3*x - 4*x = -29. What are the prime factors of j?
3, 5
Suppose 9*q - 4*q - 2*p - 130 = 0, -3*p = q - 9. Suppose -2*h - 6 = -q. Let b = h + -6. What are the prime factors of b?
3
Let s(m) = -m**3 + 15*m**2 + 2*m - 15. List the prime factors of s(15).
3, 5
Let a(u) = 14*u**2 - 1. What are the prime factors of a(-1)?
13
Let q(b) = -b + 7. Let p be q(7). Suppose 44 = -p*k + 4*k. List the prime factors of k.
11
Suppose -3*b + 9 + 3 = -5*i, i - 4*b = -16. Suppose i = -4*f - 20, -2*z - f = -0*f - 3. What are the prime factors of z?
2
Suppose -2*o - 6 = -5*o. List the prime factors of 17/(2 + -3 + o).
17
Let s = -6 + 7. List the prime factors of (s + 4/(-2))*-17.
17
Let z(s) = s**3 - 6*s**2 - 5*s - 6. Let a be z(7). Suppose u = 12 + a. What are the prime factors of u?
2, 5
Let d = 20 - -19. List the prime factors of d.
3, 13
Suppose 3*j - 1 - 8 = 0. List the prime factors of j.
3
Suppose -4*u + 2 = 2*z, 0*u + 16 = 2*u - 2*z. Suppose -14 = -x + u. List the prime factors of x.
17
Suppose -4*r + 3*r + 3 = 0. Suppose 2 = -z + 4*o - 4, r*z + 5*o = 50. Suppose 3*l = -4*n + 31 + z, 2*l + 3*n - 28 = 0. List the prime factors of l.
11
Suppose 4*w - 312 = -0*w. List the prime factors of w.
2, 3, 13
Let t(q) = 2*q**2 + 4*q. Let g(c) = -c**2 - c + 1. Let n(v) = -4*g(v) - t(v). What are the prime factors of n(3)?
2, 7
Let k(z) = 8*z**2 - 5*z - 1. Let s(j) = 17*j**2 - 9*j - 2. Let u(m) = -11*k(m) + 6*s(m). List the prime factors of u(1).
2, 7
Let g(f) = -5*f + 19. Let b(k) = 9*k - 39. Let h(t) = -4*b(t) - 7*g(t). What are the prime factors of h(10)?
13
Let b(t) = -1 + t**3 + 9*t - 4 - 4*t**2 - 3*t**2. List the prime factors of b(6).
13
Let g = 66 + 22. Suppose o + g = 5*o. List the prime factors of o.
2, 11
Let d be ((-8)/10)/((-4)/10). Suppose -z - d*z = -18. Suppose u = z*u - 25. List the prime factors of u.
5
Let u be (-6)/(-15) - (-54)/(-10). Let d = u + 3. List the prime factors of 7/d*(-3 + 1).
7
Let a = 15 - 9. List the prime factors of a.
2, 3
Suppose -2*m + 5*u = -308, 0 = m + u + 85 - 239. Suppose -44 = 5*c - m. What are the prime factors of c?
2, 11
Suppose 19 = 4*r - 77. Suppose 0 = -0*n - 4*n + r. What are the prime factors of n?
2, 3
Let t be (-1)/(-4) - 3/12. Suppose -16 = 4*b + 4*g, 3*g = b - 8 - t. Let o(q) = 16*q**2 + 2*q + 1. List the prime factors of o(b).
3, 5
Let u = 2 + 1. Suppose u*g = 4*g - 11. What are the prime factors of g?
11
Let k = 20 - 20. Let m(p) be the third derivative of p**6/120 + p**5/60 + p**4/24 + 11*p**3/6 + 2*p**2. List the prime factors of m(k).
11
Suppose -8 = -4*t - 0. Suppose -4*x + t*m = -20, -5 = 5*x - 0*x + 5*m. List the prime factors of (1 - -7)/1 + x.
11
Suppose -10 = -16*l + 11*l. What are the prime factors of (22/(-1))/(l/(-1))?
11
Let v(z) = -z**2 - 5*z - 8. Let x(w) = w**2 + 6*w + 8. Let q(a) = -3*v(a) - 4*x(a). Let b be q(-7). List the prime factors of (-40)/b*(-12)/10.
2
Suppose 0 = -q - p - 2, -4*q = -3*p + 4*p - 7. Suppose -52 = -q*l + 5. Suppose 3*s - l = 5. List the prime factors of s.
2
Let q = -6 + 9. Suppose -4*k = 3*v + 96, k = v + q*v - 43. Let w = 41 + k. What are the prime factors of w?
2, 7
Let i(d) be the second derivative of d**4/12 + 17*d**2/2 - 7*d. What are the prime factors of i(0)?
17
Suppose 4*l = -4*y, 4*y - 3 = -15. What are the prime factors of 21/l - 4 - -52?
5, 11
Suppose -1 = 3*g + 5. Let c be (-4)/(24/(-9))*g. List the prime factors of (0 - c)*(3 + -2).
3
List the prime factors of 10/(-20)*2*-48.
2, 3
Let j(t) be the first derivative of -t**4/4 + t**2 + 2*t + 1. Let s be j(-2). Let q = s - 1. What are the prime factors of q?
5
Suppose -91 - 621 = -4*u. What are the prime factors of u?
2, 89
Suppose -4*i + 162 = -2*i. What are the prime factors of i?
3
Let k be 5 - (3 + 6/(-3)). Suppose -k*x + 5 = -35. What are the prime factors of x?
2, 5
Suppose 2*q + 48 = r - 3*q, -r + 3*q = -52. List the prime factors of r.
2, 29
Let i(d) be the third derivative of d**5/60 + d**4/24 + 2*d**3/3 + 6*d**2. What are the prime factors of i(5)?
2, 17
Let y be ((-10)/5)/(2/(-17)). Let n(r) = -5*r + 1. Let d(g) = 14*g - 3. Let b(m) = y*n(m) + 6*d(m). List the prime factors of b(-3).
2
Suppose